.
0
Let d(m) = -11*m - 26. Let y(b) = -b - 15. Let i(x) = 2*x + 13. Let p(v) = 3*i(v) + 2*y(v). Let u(g) = -3*d(g) - 8*p(g). Calculate u(-10).
-4
Suppose -4*t + 3 = 5*l, -5*l + l + t - 6 = 0. Let z(y) = 35 - 101 + 33 + 33 - 6*y. Determine z(l).
6
Let j(g) = 5*g**3 - g**2 + 1. Let m be j(1). Let y(x) = -x - 71. Let n(l) = -l**2 + 14*l + 355. Let r(u) = n(u) + 5*y(u). Give r(m).
20
Let p(s) = -19381*s**3 - 4*s + 7 + 6*s + 3*s**2 + 19380*s**3. Give p(5).
-33
Let f(z) = 3*z**2 - 13*z - 4. Let g be f(4). Let b(v) = -v**3 - 7*v**2 + 11*v + 13. Give b(g).
-11
Let a(i) be the third derivative of i**5/60 + i**4/12 - i**3/3 - 119*i**2. Give a(3).
13
Let f(g) = g**3 - g**2 - g + 14. Suppose -1 = o - 5. Let h be 0/(3/12*o). What is f(h)?
14
Let f(d) be the third derivative of -d**5/60 + d**4/4 - 7*d**3/6 + 723*d**2. Let g be (-44)/(-7) - 2/7. Give f(g).
-7
Let a(r) be the first derivative of 3*r**4/2 - r**3 + 2*r**2 - 2*r + 395. Give a(2).
42
Let i(y) = 93*y - 2. Let g(k) = 325*k - 6. Let o(p) = 2*g(p) - 7*i(p). Let h = 2 - 2. Calculate o(h).
2
Let i = -243 + 245. Let r(p) be the second derivative of 1/12*p**4 - 4*p + 1/2*p**3 + 0 - i*p**2. What is r(-5)?
6
Let r(q) = 13*q**3 - 2*q**2 + q - 4. Let c = 30 + -21. Let o(h) = 26*h**3 - 5*h**2 + 2*h - 9. Let g(p) = c*r(p) - 4*o(p). Determine g(-1).
-12
Let j(o) be the first derivative of -26*o**3/3 + 10*o**2 - 4*o + 20. Let d(m) = -5*m**2 + 4*m - 1. Let b(g) = -11*d(g) + 2*j(g). Give b(2).
7
Suppose -16*z = -12*z - 120. Suppose 0 = 5*k + z + 10. Let g(p) = p + 12. What is g(k)?
4
Let y(b) = -64 - 8*b**2 + 30 - b**3 + 2*b**3 + 32 + 8*b. Calculate y(6).
-26
Let p(n) = n**2 - 3*n - 8. Suppose 41*u = 15*u + 104. What is p(u)?
-4
Let w(q) = -2*q - 9. Suppose -2*v = 2*k - 0*k + 18, 0 = -v - 4*k - 21. Let m be w(v). Let r(i) = -4*i**3 - i. What is r(m)?
-5
Let z(x) = -5*x + 1. Let y be (-84)/(-8)*(-2)/3. Let v(m) = -m**2 - 9*m - 10. Let j be v(y). Suppose 5*c = j + 1. What is z(c)?
-4
Let f(k) = -98 - 6*k + k**2 - 101 - 100 + 293. Let d be (-2)/4 + 69/6. Suppose -w = 2*j - 9, 0 = 3*j + w + w - d. Calculate f(j).
1
Let n(u) = 2*u - 6. Suppose -5*v + 7 + 3 = 0. Suppose -4*f = -v*p - 8, 4*f - 9*f + 10 = 4*p. Suppose p*q + 2*q - 10 = 0. Calculate n(q).
4
Let o(r) be the third derivative of 7*r**4/12 + r**3/6 - 40*r**2. Determine o(-4).
-55
Let r(h) = -h**2 + 16*h - 5. Let y(b) = -b**2 + 19*b - 6. Let g(o) = -7*r(o) + 6*y(o). Determine g(1).
2
Let j(r) be the second derivative of -1/4*r**4 - 2*r**3 - 10*r + 0*r**2 + 1/60*r**5 + 0. Let y(i) be the second derivative of j(i). Give y(6).
6
Suppose 12 = -0*h + 6*h. Let g(c) = 1 - 3 - c + 0*c + 5*c. Calculate g(h).
6
Let d(s) be the first derivative of 35 + 1/2*s**2 + 6*s + 1/3*s**3. What is d(0)?
6
Let z(l) = -l**2 - 6*l + 3. Let p(d) = -4*d + 44. Let y be p(11). Let v be (y + (-10)/(-4))/(2/(-4)). What is z(v)?
8
Let m(v) = v**2 - 4*v + 1. Let a be m(4). Let b(x) be the second derivative of -x**5/20 + x**4/12 - x**3/6 + 15*x. Determine b(a).
-1
Let f(w) be the second derivative of w**3/3 - 5*w**2/2 - 2*w. Let j be -4 + 9 + (-10)/(-10). Determine f(j).
7
Let j(r) be the second derivative of r**4/3 + r**3/2 - r**2 - 3*r + 58. Calculate j(3).
43
Let j(l) = l**2 + 2*l + 1. Let f be (-1 + -3)*(-24)/16. Let r be 6/(f/2)*-1. Give j(r).
1
Let w = 16 - -25. Suppose n = 3*i - 7, -5*n = 6*i - 2*i - w. Let y(v) = -v + 7. Calculate y(n).
2
Suppose 3*y - 16 = -j, 5*y - 33 = -3*j - 1. Let b(u) = -4*u**2 - 1. Let w(o) = -15*o**2 - 3*o - 5. Let t(m) = 4*b(m) - w(m). Determine t(y).
-3
Let b(y) = -y**3 + 3*y**2 + 5. Let o = 580 - 576. Determine b(o).
-11
Let p(u) = 19*u. Let j(g) = -52*g. Let w(q) = 4*j(q) + 11*p(q). Determine w(1).
1
Let k = -6 - 4. Let q(h) = h**3 + 11*h**2 + 11*h + 7. Calculate q(k).
-3
Let p(m) be the third derivative of -m**5/60 + m**4/4 + m**3/6 - 3*m**2. Let w = 3 + 5. Let z be (w/(-32))/((-2)/24). Give p(z).
10
Let s(f) = f**2 + 3*f + 2. Suppose 0 = 2*h + 2*h + 20. Let d(c) = -c**3 - 6*c**2 + 8*c + 9. Let g be d(-7). Let y = g + h. Calculate s(y).
2
Suppose 3*f - 79 = -2*l + 12, 125 = 4*f - l. Let k = 24 - f. Let c(w) = w + 9. Determine c(k).
2
Suppose -19*g + 2 - 135 = 0. Let f(k) = -2*k - 24. What is f(g)?
-10
Let n be -2 + (-8)/(-2) + -1 + -1. Let i(r) = r**3 + r**2 - 2. What is i(n)?
-2
Let n be -1*(-3)/(-9)*-9. Let b(w) = w - 6. Let c be b(n). Let t(o) be the first derivative of -o**2 - 2. Calculate t(c).
6
Let l(m) = -3*m + 0 - 5 + 2*m. Let q(u) = -u**3 + 5*u**2 - 8*u + 11. Suppose 3*k - 5*d - 22 = 0, 8*k = 3*k + 5*d + 30. Let c be q(k). Determine l(c).
0
Let t(h) be the first derivative of h**7/840 + h**6/40 + 7*h**5/120 - 4*h**3 - 3. Let p(s) be the third derivative of t(s). What is p(-8)?
8
Let p = 459 - 461. Let u(t) = 3*t - 5*t + 4*t - t - 1. Calculate u(p).
-3
Let s(j) = -j + 1. Let g = 211 - 209. Determine s(g).
-1
Let m(n) = 2*n - 2. Let w(b) = b - 1. Let i(x) = -m(x) + 3*w(x). Let h(p) = -10*p - 4. Let r(c) = -h(c) - 8*i(c). Determine r(-8).
-4
Let n be (-6)/(-4)*98/21. Let m(k) = -k. Let v(l) = -l**3 + 6*l**2 + 5*l - 1. Let f(j) = 2*m(j) - v(j). Determine f(n).
1
Let y = -10 + 11. Let l(a) be the first derivative of 2*a**3/3 + a**2/2 + 8. Calculate l(y).
3
Suppose -4*q + a + 8 + 6 = 0, -q = -3*a - 9. Let w be (3/7)/(q/21). Let i(h) = -h + 1. Let g(f) = 4*f - 5. Let n(c) = -g(c) - 3*i(c). Determine n(w).
-1
Let c(i) = 3 + 7 - i + 9 - 4 - 11. What is c(-16)?
20
Let s be (-20)/(-50) + 23/5. Let w(k) = 36*k**3 + s*k - 3*k**2 + 28*k**3 - 4 - 63*k**3. Calculate w(3).
11
Let w(a) = a**3 - 4*a + 3. Let y be w(2). Let u(k) = -k**2 - 23*k - 16. Let p(r) = -r**2 - 16*r - 11. Let n(z) = -7*p(z) + 5*u(z). What is n(y)?
6
Let i(j) = 25*j**2 + j - 1. Let u = 384 + -383. Give i(u).
25
Let w(u) be the third derivative of u**6/120 + u**5/12 - 7*u**4/24 + 5*u**3/6 - 117*u**2. Give w(-6).
11
Let o be ((-1)/(-3))/(2*(-9)/54). Let z(h) = -h + 1. What is z(o)?
2
Let p(z) = 4 - 5 - 1. Let n(h) = -h**2 + 5. Let k(w) = 3*n(w) + 8*p(w). Give k(-1).
-4
Suppose 0 = -5*w + 3*m + 66, -4*m - 23 = -5*w + 40. Let f(c) = -c - 2*c**2 + 5 - 4*c**2 + 11 - w. Give f(1).
-6
Let l(x) be the third derivative of -x**6/60 - x**5/30 + x**4/8 + x**3/2 + 35*x**2. Let j = -11 - -16. Suppose -5*g = 5*t + 30, j*t + 24 = g + 6. What is l(g)?
5
Let a(s) = 13*s - 609. Let u be a(47). Let p(j) = 2*j**3 - 3*j**2 + 2*j - 3. What is p(u)?
5
Let v(x) be the second derivative of x**6/120 + x**5/12 - x**4/6 - 7*x**3/6 + 25*x**2/2 + 31*x. Let l(d) be the first derivative of v(d). What is l(-5)?
13
Suppose 0 = 2*c - 0*v - v - 5, -2*c - 5*v - 13 = 0. Let d(j) = 9*j**3 + 1. Give d(c).
10
Let d = 387 + -398. Let b(k) = -k**3 - 10*k**2 + 12*k + 7. What is b(d)?
-4
Let h(o) = -5*o**2 - 4*o - o**2 + 8*o**2 - 5*o**2. What is h(1)?
-7
Suppose 0 = 33*v - 41*v - 24. Let p(k) = 3*k**3 - 2*k**2 - 3*k - 8. Let f(j) = -4*j**3 + 2*j**2 + 4*j + 9. Let q(l) = -4*f(l) - 5*p(l). Calculate q(v).
-2
Let c(b) = 3*b**3 - 1. Let i = -14 - 16. Let l = i + 31. Calculate c(l).
2
Let d(c) = -5*c**2 + 747 - 745 + 6*c**2 - 7*c. Determine d(6).
-4
Let u(c) = -1 - 6 + 6. Let h(t) = -t**3 - 4*t**2 + t - 8. Let y(p) = -p**3 + 2*p**2 + 3*p - 1. Let j be y(3). Let z(l) = j*h(l) + 3*u(l). Determine z(-4).
9
Let j be 7 - 4*1/2. Suppose -j = -2*v + 1. Let z(r) = 4 + 6 + 5*r + 11 - 3*r - 20. Determine z(v).
7
Let q be (-117)/7 + (-4)/14. Let k = 20 + q. Suppose -k*y - 3 = -a, 0 = 5*a - 3*y + 2*y - 15. Let u(n) = 3*n. Determine u(a).
9
Let u(m) = -m**3 - 9*m**2 - 10*m - 11. Suppose 10*f - 530 - 190 = 0. Suppose -c - f = 8*c. Determine u(c).
5
Let w(u) be the first derivative of -5*u**3/3 - 2*u - 119. Calculate w(2).
-22
Let a(s) = 7*s - 3*s - 9 - 3*s. Give a(10).
1
Let w(d) be the first derivative of -d**2 - 11*d - 28. Calculate w(-9).
7
Let s be (8/2)/((-14)/(-21)). Let k(c) be the first derivative of -c**3/3 + 3*c**2 + 4*c + 177. Give k(s).
4
Let u(s) = 2*s - 2. Let t = -35 + 33. What is u(t)?
-6
Let u(g) = -g + 11. Let r be u(5). Let j(h) = 7 + 0*h**3 + 3*h**3 - r - h**3. Determine j(-1).
-1
Suppose 2*p + 42 = 3*p. Let d be (-4)/14 - 30/p. Let x(t) be the first derivative of -t**4 + t**2/2 + t - 2. Determine x(d).
4
Let z(b) = 12*b + 21. Let x(s) = -3*s - 5. Let m(l) = l**2 + 18*l - 21. Let g be m(-19). Let h(r) = g*z(r) - 9*x(r). Calculate h(-7)